(-2) is divided by 12?
9
What is the remainder when (-605)/(-7) - 18 - 4/(-7) is divided by 47?
22
Let r = 9 - 2. Let q = -5 - -9. Let l(b) = 155*b - 573. Calculate the remainder when l(q) is divided by r.
5
Let q = -7505 - -7585. What is the remainder when q is divided by 62?
18
Let g(m) = 2*m**2 - 9*m + 13. Let f(z) = -5*z**2 + 37*z - 12. Let v be f(7). Calculate the remainder when 29 is divided by g(v).
2
Let v(r) = 168*r**2 - 1. Let m(z) = z**3 + 6*z**2 + 2*z + 1. Let f be m(-6). Let c = f + 45. Calculate the remainder when v(1) is divided by c.
31
Let c(w) = -244*w - 1931. Calculate the remainder when 37 is divided by c(-8).
16
Suppose 2*o + 0*t = 2*t + 10, 4*t + 20 = -5*o. What is the remainder when (-3 - o)*28*-1 is divided by (-102)/(-4)*6/9?
16
Let u be 1 - (-2 + 8 + -1). Calculate the remainder when (-18)/((u/13)/2) is divided by (-36)/(-156) - (14 - (-1870)/(-65)).
12
Calculate the remainder when 824 is divided by 1077/30 - (341/(-110) + 3).
32
Let a = 744 - 538. Let c = a - 173. Calculate the remainder when c is divided by 24.
9
Let f(m) = m. Calculate the remainder when ((-6)/4)/(2 + (-103)/50) is divided by f(4).
1
Let x = -1 - 0. Let a = x + 12. What is the remainder when (3 + 0)/(52/(-650)*25/(-20)) is divided by a?
8
Let o(y) = y**2 - 12*y - 2. Let u be o(12). Let c be (2/(-1))/(u - 0). Suppose -x = -0*x + 2*i - 21, x = 3*i + c. What is the remainder when 61 is divided by x?
9
Let q be (33 - -3)/6 - 15. Let u(j) = 3*j + 57. Calculate the remainder when u(q) is divided by 20.
10
Suppose -r - 26 = -3*u, -u - 4*r = -0*u - 13. Suppose u + 3 = 4*y + f, -f = -4. Suppose -c + y*c = 44. Calculate the remainder when 85 is divided by c.
41
Suppose -2*b = -s - 1300, -12*b + 4550 = -5*b + s. Calculate the remainder when b is divided by 8.
2
Let h(t) = 3*t**3 - 8*t**2 + 12*t - 31. Let u be h(7). Suppose -693*k = -u*k - 63. Calculate the remainder when 79 is divided by k.
16
Let h = 584 - 568. Suppose -s = -3*s. Suppose s = -5*x + 4*l + 481, -97 = -2*x - 3*l + 77. Calculate the remainder when x is divided by h.
13
Calculate the remainder when 316 is divided by 70*(45/(-10))/((-120)/56).
22
Suppose 297*z - 292*z - 481 = 39. What is the remainder when z is divided by 2?
0
Suppose 0 = -3*j - 5*v + 32, 3*j - 21 = j - 3*v. Suppose 5*g = j + 621. Calculate the remainder when g is divided by 45.
36
Suppose 8 = -h + 8 + 134. Calculate the remainder when h is divided by 50.
34
Suppose -139*o + 11490 = 244*o. Calculate the remainder when 500 is divided by o.
20
Let g(t) = -t**3 + 5*t**2 + 3. Let x(s) = 2*s**2 + 37*s + 20. Let q = 9 - 27. Calculate the remainder when g(5) is divided by x(q).
1
Suppose 5*p - 8260 - 1385 = -5*n, 25 = -5*p. Calculate the remainder when n is divided by 8.
6
Suppose -18770 = -3*n - 5*s, 3*n - 24*s = -23*s + 18746. Suppose -47*o - 3*o + n = 0. Calculate the remainder when o is divided by 36.
17
Suppose -4*f = 2*z - 16676, -582*f = -2*z - 584*f + 16670. Calculate the remainder when z is divided by 31.
24
Suppose 99 = 3*b - 7*y + 2*y, 4*b - 155 = -y. Suppose -5*d + 1476 = 7*d. Let i = -48 + d. What is the remainder when i is divided by b?
37
Suppose -11*m + 3187 = -7271 - 7934. What is the remainder when m is divided by 5?
2
Suppose 610 - 21102 = -94*m. What is the remainder when 1058 is divided by m?
186
Let g be (5 - 1)/((-12)/(-618)). Suppose -4*x + g = 78. Suppose -2*q + 11 = -5*p, -70*q - 2*p + 46 = -68*q. What is the remainder when x is divided by q?
14
Suppose 25496 - 24431 = 71*u. Suppose 4*d - 5 + 17 = 0, o = 3*d + 55. Calculate the remainder when o is divided by u.
1
Suppose -6*n + 8 = 3*j - 11*n, 0 = 3*j - 3*n - 6. Calculate the remainder when (-20)/10*-46*j is divided by 16.
12
Let p = -42 - -69. Let j = -3296 - -3397. What is the remainder when j is divided by p?
20
Let v = -8 + 19. Let r = 620 + -556. What is the remainder when r is divided by v?
9
Suppose 6*p - 2*s - 4 = 4*p, -p - s = -4. Suppose -89 = -4*o + 5*b, -p*o + 5*b = -0*b - 63. What is the remainder when 69 is divided by o?
17
Let u(j) = j**3 - 7*j**2 - 3*j + 23. Let g be u(7). Let v = 23 + -12. Suppose 8 = -g*c - 5*a, -v + 6 = -c + 2*a. Calculate the remainder when c is divided by 1.
0
Let w = 0 + 0. Suppose w = -0*h - 4*h + 332. Calculate the remainder when h is divided by 195/(-114)*-10 - (-92)/(-874).
15
Let v(d) = -d**3 + 23*d**2 + 12*d - 274. Calculate the remainder when 6 is divided by v(23).
0
Let r(z) = 2*z**3 + 35*z**2 + 16*z - 16. Let v be r(-17). Calculate the remainder when 476 is divided by 86 + (-6 - 1) + v.
76
Let o(p) = -10*p + 103. Let z(l) = -20*l - 134. Let r be z(-7). Suppose 3*f = f + 4*t + 10, -2*t + 10 = 0. What is the remainder when o(r) is divided by f?
13
Suppose -676*m = -730*m + 3456. What is the remainder when 3455 is divided by m?
63
Calculate the remainder when 473 is divided by (16 + 122/(-4) + 16)*76/6.
17
What is the remainder when 219 is divided by 46/299 + (4947/39 - 0)?
92
Let o(r) be the second derivative of 2*r**3/3 - 30*r**2 - 30*r. Let x be o(32). Let a = -59 + x. What is the remainder when a is divided by 3?
0
Let p = -74 + 335. Let a = p - 154. Calculate the remainder when a is divided by (-14)/(-35)*370/4.
33
Let s(a) = 12*a**2 - 79*a - 116. Calculate the remainder when 163 is divided by s(8).
3
Let m be 6 + 15/3*-23. Let c = 211 + m. Calculate the remainder when c is divided by 26.
24
Let s(y) = -6*y - 1. Let x(z) = -24*z - 12. Let q be x(-7). Suppose -4*r = -5*v - 109, -q = -7*r + v + 58. Calculate the remainder when r is divided by s(-3).
14
Let p(w) be the third derivative of -37*w**4/24 + 29*w**3 - 104*w**2. What is the remainder when 140 is divided by p(4)?
10
Let y = 130712 - 130642. Let z = 25 + 14. Calculate the remainder when y is divided by z.
31
Calculate the remainder when (-152)/190*(1 - 1011) is divided by 81.
79
Let k(n) = -n**2 + 41*n - 275. Calculate the remainder when 172 is divided by k(27).
69
Let g(s) = 38*s**2 - 25*s + 342. Calculate the remainder when g(9) is divided by 6.
3
Let z(u) = -u**3 - 18*u**2 - 15*u - 18. Let t be z(-18). Calculate the remainder when 46 is divided by 6/33 - t/(-66).
2
Suppose 338*f - 23184 = 292*f. What is the remainder when f is divided by 61?
16
Suppose -372 = -0*q - 6*q. What is the remainder when q is divided by 4/2*(-1334)/(-116)?
16
What is the remainder when 5234 is divided by 26/364*7*68/2?
15
Suppose 36087 = -212*d + 1390979. What is the remainder when d is divided by 82?
77
Let w(q) = -q**3 + 2*q + 4. Suppose 4*d - 4*n - 4016 = -3228, -5*d - 4*n = -1048. Calculate the remainder when d is divided by w(-3).
4
Let s = 2286 - 2272. Calculate the remainder when 16 is divided by s.
2
What is the remainder when 4401 is divided by (6/84)/(33/8778)?
12
Let m = -16 + 20. Let t(g) = 5*g - 5. Let v be t(4). Suppose 2*o + 3*x - v = -0*x, 0 = -5*o + 2*x + 9. What is the remainder when m is divided by o?
1
Let m(f) = -5*f. Let h be m(-2). Suppose -82 = -4*y - h. Calculate the remainder when 54 is divided by y.
0
Let k(h) = h**3 + 4*h**2 - 15*h - 2. Let z = 1900 + -1875. Calculate the remainder when z is divided by k(-6).
9
Suppose 7*i - 4*i - 18 = 0. Suppose -q + 23 = l - i*q, 4*q = -5*l - 30. What is the remainder when 54 + (l + -4 - -1) is divided by 5?
4
Suppose 4*v - 6096 = 4*t - 560, 5536 = 4*v - 2*t. Calculate the remainder when v is divided by 21.
19
Let i = -48 - -59. Suppose 4*s - 90 = -3*k, -s + i = -2*k + 60. Let t = 34 - 19. What is the remainder when k is divided by t?
11
Suppose -98*p = -66*p - 2112. What is the remainder when 324 is divided by p?
60
Suppose 4*i - 2*i + 42 = 0. Suppose 0 = l - 2*l + 39. Let v = i + l. What is the remainder when v is divided by 7?
4
Let y = -8 - -10. Calculate the remainder when -46*(0 + (0 - y)) is divided by (-20)/(((-165)/12)/11) - 0.
12
Suppose 2 + 4 = 3*z, -5*z + 714 = 4*r. Suppose -615 = -f + r. Calculate the remainder when f is divided by 88.
87
Suppose -2*a + 22 = 3*h, -h + 12 + 2 = -a. Suppose 0 = -2*i + h, -i - 1 = -q - 2. Let n = 6321 - 6319. Calculate the remainder when q is divided by n.
0
Suppose 29*d - 1290 = 10542. Let x = -302 + d. What is the remainder when x is divided by 54?
52
Let a(m) = -2*m**2 + 17*m - 1. Let n be a(8). Let x = 29 - n. Let o(k) = -k**3 + 8*k**2 + 5*k + 2. Calculate the rem